{"id":46,"date":"2014-10-08T12:19:39","date_gmt":"2014-10-08T10:19:39","guid":{"rendered":"http:\/\/www.kainos.no\/?page_id=46"},"modified":"2014-12-08T21:49:04","modified_gmt":"2014-12-08T20:49:04","slug":"vil-du-vaere-med-a-gi","status":"publish","type":"page","link":"https:\/\/www.kainos.no\/?page_id=46","title":{"rendered":"Vil du v\u00e6re med \u00e5 gi?"},"content":{"rendered":"<div class=\"comment-body\">\n<p>Stiftelsen Kainos startet etter at en eldre mann ga midler til oppstarten av en slik stiftelse for \u00e5 bidra til \u00e5 n\u00e5 ut med de tre englebudskapene i \u00c5penbaringsbokens 14 kapittel f\u00f8rst og fremst.<\/p>\n<p>Vi er helt avhengig av gaver for \u00e5 drive dette videre. Stiftelsen er registrert i Br\u00f8nn\u00f8ysund registrene og har en oppnevnt revisor som hvert \u00e5r g\u00e5r gjennom regnskapene.<\/p>\n<p>Styret i Stiftelsen best\u00e5r av 5 representanter og et varamedlem.<\/p>\n<p>Kontonummer til Stiftelsen Kainos:\u00a0\u00a0\u00a0 1503 03 57458\u00a0\u00a0\u00a0\u00a0 Fra utlandet:<\/p>\n<p>IBAN:\u00a0 <span style=\"font-size: small;\">NO09 1503 0357 458\u00a0\u00a0\u00a0\u00a0\u00a0\u00a0\u00a0\u00a0\u00a0\u00a0\u00a0\u00a0\u00a0 Bankens BIC-adresse er DNBANOKKXXX<\/span><\/p>\n<p>Adressen til Stiftelsen er: Postboks 154,\u00a0 2021\u00a0 Skedsmokorset\u00a0\u00a0 Norge<\/p>\n<p>Mailadresser:<br \/>\n<a href=\"mailto:bjorn@kainos.no\">bjorn@kainos.no<\/a>, <a href=\"mailto:elin@teamconsultmedia.no\">elin@teamconsultmedia.no<\/a>, <a href=\"mailto:post@kainos.no\">bestilling@kainos.no<\/a><\/p>\n<p>Telefon: Bj\u00f8rn: 456 66 924\u00a0\u00a0 Elin: 934 07 755<\/p>\n<\/div>\n","protected":false},"excerpt":{"rendered":"<p>Stiftelsen Kainos startet etter at en eldre mann ga midler til oppstarten av en slik stiftelse for \u00e5 bidra til \u00e5 n\u00e5 ut med de tre englebudskapene i \u00c5penbaringsbokens 14 kapittel f\u00f8rst og fremst. Vi er helt avhengig av gaver &hellip; <a href=\"https:\/\/www.kainos.no\/?page_id=46\">Les videre <span class=\"meta-nav\">&rarr;<\/span><\/a><\/p>\n","protected":false},"author":2,"featured_media":0,"parent":0,"menu_order":0,"comment_status":"closed","ping_status":"closed","template":"","meta":{"footnotes":""},"class_list":["post-46","page","type-page","status-publish","hentry"],"_links":{"self":[{"href":"https:\/\/www.kainos.no\/index.php?rest_route=\/wp\/v2\/pages\/46","targetHints":{"allow":["GET"]}}],"collection":[{"href":"https:\/\/www.kainos.no\/index.php?rest_route=\/wp\/v2\/pages"}],"about":[{"href":"https:\/\/www.kainos.no\/index.php?rest_route=\/wp\/v2\/types\/page"}],"author":[{"embeddable":true,"href":"https:\/\/www.kainos.no\/index.php?rest_route=\/wp\/v2\/users\/2"}],"replies":[{"embeddable":true,"href":"https:\/\/www.kainos.no\/index.php?rest_route=%2Fwp%2Fv2%2Fcomments&post=46"}],"version-history":[{"count":6,"href":"https:\/\/www.kainos.no\/index.php?rest_route=\/wp\/v2\/pages\/46\/revisions"}],"predecessor-version":[{"id":213,"href":"https:\/\/www.kainos.no\/index.php?rest_route=\/wp\/v2\/pages\/46\/revisions\/213"}],"wp:attachment":[{"href":"https:\/\/www.kainos.no\/index.php?rest_route=%2Fwp%2Fv2%2Fmedia&parent=46"}],"curies":[{"name":"wp","href":"https:\/\/api.w.org\/{rel}","templated":true}]}}